*m + r*m + 3*x. What is the remainder when 62 is divided by m?
14
Let n(q) = 13*q**3 + 2*q**2 - 2*q + 1. Calculate the remainder when 109 is divided by n(1).
11
Suppose 13 = 2*u - 4*x + 1, 10 = 2*u - 3*x. Suppose t = 2*t - 22. Suppose u*g = -6 + t. What is the remainder when 15 is divided by g?
7
Let v(w) = 2*w - 5. Let i be v(5). Suppose -3*x - i*l = -2*l - 123, -5*x - 4*l = -203. Calculate the remainder when x is divided by 14.
11
Suppose -24 = -3*r - 4*v, -2*v = 2*r - 0*v - 14. Suppose 11 = 3*y + 5*d, -3*d + 5 = 3*y - r. What is the remainder when ((-6)/(-8))/((-2)/(-8)) is divided by y?
1
Let x be (-5)/((-10)/(-4)) + 2. Let k be 2 + x - 25 - 2. Let s = -12 - k. Calculate the remainder when 25 is divided by s.
12
Let j = -249 - -174. What is the remainder when 11 is divided by (-2)/(-9) + j/(-27)?
2
Let p = -1272 - -1283. Calculate the remainder when (-2 + 3)/(1/43) is divided by p.
10
Suppose 6 + 0 = 3*j. Suppose 2*q = -i + 20, 0 = j*i - 7*i + 4*q + 30. Calculate the remainder when 28 is divided by i.
8
Let u(d) = d**3 - d + 3. Let w be u(3). Let a = w + -17. Let y = a + 0. What is the remainder when 28 is divided by y?
8
Suppose 20 = m + 13. What is the remainder when 10 is divided by m?
3
Let f(p) = 7*p. What is the remainder when 39 is divided by f(2)?
11
Suppose -2*s + 3*b - 10 = 5, -4*s = 3*b - 15. Suppose 101 = 4*k + 5*f, -k - f + 24 = -s. What is the remainder when 2456/44 - 2/(-11) is divided by k?
18
Let u(h) = -h**2 + h - 3. Let a(w) = -w**2 + w - 2. Let p(o) = 2*a(o) - 3*u(o). What is the remainder when p(5) is divided by 9?
7
Suppose -4*x - 5 = -33. What is the remainder when 34 is divided by x?
6
Suppose 0*d + 2*d - 12 = 0. Let p = d + -3. Suppose -5*t + 32 = 5*o - t, p*t = -3*o + 21. What is the remainder when o is divided by 3?
1
Suppose 2*v = -v + 18. Let a be -4 + 3 - -7*1. What is the remainder when (a/4)/((-15)/(-170)) is divided by v?
5
Suppose -i - 166 = -4*u + 222, -5*u + 4*i + 496 = 0. Suppose 5*s + u = 9*s. Calculate the remainder when s is divided by 13.
11
Calculate the remainder when 34 is divided by (-90)/35*(-14)/3.
10
Let z(y) = -y**3 - 12*y**2 + 28. What is the remainder when z(-12) is divided by ((-2)/(-6))/(1/30)?
8
Let w(r) = -r**2 + 8*r - 1. Calculate the remainder when 44 is divided by w(4).
14
Suppose 72 = -0*c + 4*c. What is the remainder when c is divided by 12 - (2 - (-2 + 2))?
8
What is the remainder when 2*3*4/12 + 29 is divided by (-24)/(-2)*2/3?
7
Let p = -81 - -137. What is the remainder when p is divided by 19?
18
Suppose 2*n - 16 = 2*d, -3*d + 40 = -8*d + 4*n. Let p = d + 0. Calculate the remainder when 3/(-12) + (-266)/p is divided by 17.
16
Let q(b) be the first derivative of 2*b**2 - 6. Suppose 30 = -2*t + 4*t. What is the remainder when q(7) is divided by t?
13
Let u(i) = i**2 + 2*i. Let g be u(-6). Let y = 5 + g. Calculate the remainder when y is divided by ((-20)/(-8) + -3)*-30.
14
Let f(o) = -24*o - 1. Suppose 3*r = 3*t + 9, 4*r - 3 = -4*t + 1. Suppose b = 3*b + r. Calculate the remainder when f(b) is divided by 12.
11
Let o(j) = -j**3 - 5*j**2 - 7*j - 1. What is the remainder when o(-5) is divided by 18?
16
Suppose 20 - 80 = -5*h. What is the remainder when 20 is divided by h?
8
Let d(w) = w**3 + 7*w**2 + 2*w. Let n be d(-6). Let l = n + -11. Calculate the remainder when 37 is divided by l.
11
Let m(g) be the first derivative of -g**2 + 6*g - 5. Calculate the remainder when m(-5) is divided by 9.
7
What is the remainder when (-4 + 9)*112/10 is divided by 29?
27
Suppose 5*g = 3*w - 12 + 1, 3*w - 46 = -2*g. Calculate the remainder when 23 is divided by w.
11
Let y(l) = -6*l + 34. Calculate the remainder when y(3) is divided by 10.
6
Suppose 4*f + 5 + 4 = -i, -3*i = -3*f - 18. Suppose i*n - 55 = -2*n. Calculate the remainder when 31 is divided by n.
9
Suppose -80 = -7*i + 2*i. Suppose -2*s - 1 = 4*y + 5, -2*s - 3*y - 2 = 0. Let k = i - s. What is the remainder when 31 is divided by k?
9
Let a be 6*1*11/3. Let p = -55 + 59. Calculate the remainder when a/8*(6 - 2) is divided by p.
3
Let f = 3 - -1. Suppose 2*x + 0 - f = 0. Suppose x*q + q - 42 = 0. What is the remainder when q is divided by 5?
4
Suppose 5*k + 3*g = 247, -3*k + 99 = -k + g. Suppose i - 2*i = -k. Let w = -6 - -23. What is the remainder when i is divided by w?
16
Suppose 2*u - 15 - 1 = 0. Calculate the remainder when 30 is divided by u.
6
Suppose 2*x + 5*a = 7, x - 5*a - 7 = -4*a. What is the remainder when (-2 + 26)/(9/x) is divided by 9?
7
Let t(g) = g + 8. Let w = -4 + 6. Suppose 5*s - 2 = -2*c - 34, 0 = -w*c + 3*s. Calculate the remainder when t(c) is divided by 2.
0
Let b = 5 - 2. Let c(d) = d**3 - d**2 - 4*d + 3. Suppose 0 = z - 2*r - 16, 114 = 4*z + 5*r - 3*r. What is the remainder when z is divided by c(b)?
8
Suppose 0*s - 148 = -4*b + 4*s, -2*b - 2*s = -70. What is the remainder when b is divided by 20?
16
Let x(k) be the first derivative of -k**4/2 - k**3 - k**2/2 - 2*k - 2. What is the remainder when 6 is divided by x(-2)?
2
Let c be ((-1)/3)/(1/(-3)). Let g be 1 + c + 2/1. Suppose g*q - f = 41, -3*q = -f - 14 - 18. What is the remainder when q is divided by 5?
4
Let l(h) = -h**2 + 11*h - 11. Suppose i = 6*i + 585. Let j = -80 - i. What is the remainder when j is divided by l(8)?
11
What is the remainder when 45 is divided by 0 - (1 + -1 + -24)?
21
Let q = 14 + -11. Suppose q*y - 54 = -3*p, -4*p - 10 = -5*p + y. What is the remainder when 39 is divided by p?
11
Suppose r - 11 - 12 = 0. What is the remainder when 45 is divided by r?
22
Suppose 0 = 5*q + 3*y - 68, 76 = 4*q - 3*y - 0*y. Let b(u) = u**3 - 8*u**2 + 6*u + 13. Calculate the remainder when q is divided by b(7).
4
What is the remainder when 15 is divided by (-5)/(10/(-6)) - -3?
3
Let m be ((-14)/(-3))/((-12)/(-270)). Suppose 5*u - m = -0*u. What is the remainder when 41 is divided by u?
20
Suppose 4*p - 12 = -0. Suppose 5*l + p*r - 33 = 0, -7 = -l - r - 0. Let b(z) = 2*z + 1. Calculate the remainder when b(l) is divided by 5.
3
Suppose -5*q - 77 = -4*t + 3*t, -3*t + 5*q = -271. Calculate the remainder when t is divided by 11.
9
Suppose 0 = 3*v + 4*q + 3 - 32, 6 = 3*q. Let s = 2 + 0. What is the remainder when (-192)/(-10) - s/10 is divided by v?
5
Calculate the remainder when 7 is divided by ((27/12)/1)/(9/24).
1
Let f(m) = 6*m - 9. Let g(d) = 13*d - 19. Let n(w) = -7*f(w) + 3*g(w). Calculate the remainder when 70 is divided by n(-6).
22
Let g(s) = 58*s. What is the remainder when g(1) is divided by (-1)/1 - -19 - -2?
18
Let s = -42 - -60. What is the remainder when s is divided by 5?
3
Suppose -8*w - 6*w + 168 = 0. What is the remainder when 105 is divided by w?
9
Suppose 5*k + 125 = q + 4*q, 0 = -5*k - 10. What is the remainder when q is divided by 10?
3
Let v(y) = y**3 + 7*y**2 + 6*y - 6. Let o be (-2 - 1)*(-6)/(-9). Calculate the remainder when (1/o)/(2/(-164)) is divided by v(-5).
13
Let a(d) = d**3 - 7*d**2 + 3*d + 6. Let u be a(6). Let z = -7 - u. Calculate the remainder when z is divided by 3.
2
Suppose -2*l - 3*s + 9 = -17, 0 = 2*l + s - 26. Calculate the remainder when l is divided by 3.
1
Let n = 2 + 3. Suppose n*i - 46 + 16 = 0. Calculate the remainder when 16 is divided by i.
4
Suppose 3*w - 15 = 3. Calculate the remainder when 39 is divided by w.
3
Suppose -3 = -2*q + 3*n, 0 = -q + 4*n + n - 16. Suppose r = p + 22, -q = -2*r - 0*r - 5*p. Calculate the remainder when 32 is divided by r.
15
Let i(m) = 10*m - 5. Suppose 3*c + q - 67 = 0, 5 = 2*c + 3*q - 28. What is the remainder when i(5) is divided by c?
21
Suppose 10 = 3*f + 4. Suppose t = 2*c - 3*c + 8, 0 = t + f*c - 13. Calculate the remainder when 7 is divided by t.
1
Let w = -4 - -99. Calculate the remainder when w is divided by 14.
11
Let q be -2*((-6)/(-4) + -2). Let u = -9 + q. Let x = 4 - u. What is the remainder when 35 is divided by x?
11
Let t = -71 + 94. Calculate the remainder when 114 is divided by t.
22
Calculate the remainder when (-3 - -15)*(-16)/(-6) is divided by 17.
15
Suppose 8 = 3*j - 1. Calculate the remainder when j is divided by 2.
1
Calculate the remainder when 29 is divided by (3 + 1 - 1) + 13.
13
Suppose -17 = z - 2*z. Suppose 5*u + 4*c + 1 = -9, 5*c = -4*u - z. Suppose 0 = 5*v - 10, 137 = -2*d + 5*d - u*v. What is the remainder when d is divided by 16?
15
Let w